Is 2097689 a composite number?
True
Is 106903029 prime?
False
Is 26355107 a prime number?
True
Is 6482351 prime?
True
Is 45804089 a prime number?
False
Is 384437 a prime number?
True
Is 10037927 a composite number?
False
Is 1291907 a prime number?
True
Is 52120873 composite?
True
Is 1648639 composite?
True
Is 11436721 composite?
True
Is 79531 a prime number?
True
Is 87313 a prime number?
True
Is 40909351 composite?
True
Is 27180899 prime?
False
Is 1392331 prime?
False
Is 20432017 a prime number?
True
Is 46967177 composite?
False
Is 9370763 a composite number?
False
Is 11226643 prime?
True
Is 5766287 prime?
True
Is 302751179 a composite number?
False
Is 3226933 prime?
True
Is 17135315 composite?
True
Is 396052693 a composite number?
True
Is 2278805 a composite number?
True
Is 97969363 composite?
False
Is 82631843 prime?
False
Is 23056723 composite?
True
Is 12696667 prime?
False
Is 4085341 composite?
True
Is 5721361 composite?
True
Is 38768971 composite?
False
Is 4556389 prime?
True
Is 24151123 composite?
True
Is 2663669 a prime number?
True
Is 2037526 prime?
False
Is 36491449 a prime number?
True
Is 1409689 composite?
True
Is 8654483 a prime number?
True
Is 16147193 prime?
True
Is 225849901 a composite number?
True
Is 24712601 composite?
False
Is 500328193 a composite number?
True
Is 18499007 composite?
False
Is 14382161 composite?
True
Is 10355927 prime?
False
Is 119242789 a composite number?
False
Is 18585253 composite?
True
Is 6508429 composite?
False
Is 5106839 prime?
False
Is 165421 a prime number?
False
Is 173919 a composite number?
True
Is 34463209 prime?
False
Is 123791 a prime number?
True
Is 29864469 a prime number?
False
Is 417323 composite?
True
Is 7027873 a composite number?
False
Is 220952267 composite?
True
Is 1210961231 composite?
False
Is 5939105 a prime number?
False
Is 406003939 prime?
False
Is 3116731 a prime number?
False
Is 19981277 a composite number?
True
Is 1578631 prime?
True
Is 51170797 a prime number?
True
Is 113074135 a prime number?
False
Is 2035807 a prime number?
True
Is 21795209 a prime number?
True
Is 16540291 a composite number?
True
Is 208869029 composite?
True
Is 20487199 prime?
False
Is 15619309 a prime number?
False
Is 254593 composite?
False
Is 1964751 a prime number?
False
Is 5292143 a composite number?
False
Is 175343515 prime?
False
Is 20862581 a prime number?
True
Is 216310891 prime?
True
Is 55020827 composite?
True
Is 197443601 a composite number?
False
Is 10998907 prime?
True
Is 14256499 a composite number?
False
Is 28222459 composite?
False
Is 62607247 prime?
True
Is 78921581 prime?
True
Is 3178583 composite?
False
Is 1216681 prime?
True
Is 129610291 a composite number?
False
Is 43614167 a prime number?
False
Is 4182253 composite?
False
Is 8318227 prime?
True
Is 263383 a composite number?
False
Is 162196373 prime?
True
Is 66507091 a prime number?
False
Is 1526153 composite?
True
Is 103388257 a composite number?
True
Is 2814923 composite?
True
Is 588257 a prime number?
True
Is 166581469 a prime number?
True
Is 714649 composite?
True
Is 761758 prime?
False
Is 3780223 a prime number?
False
Is 75613943 prime?
False
Is 882424082 a prime number?
False
Is 148199213 prime?
True
Is 1843421 a composite number?
False
Is 4298213 composite?
False
Is 54127079 composite?
True
Is 282839 a composite number?
True
Is 1800287 a composite number?
True
Is 49690451 a composite number?
True
Is 3644939 prime?
False
Is 1626375561 composite?
True
Is 36139613 a composite number?
False
Is 3399401 composite?
True
Is 257337973 a composite number?
True
Is 3084569 composite?
False
Is 39732787 a composite number?
True
Is 777187469 prime?
True
Is 140274091 composite?
False
Is 3117743 composite?
True
Is 45438851 prime?
True
Is 377475311 prime?
True
Is 114771409 composite?
True
Is 94193171 a composite number?
False
Is 13582493 composite?
True
Is 33554861 composite?
True
Is 225002 a prime number?
False
Is 51388681 composite?
True
Is 360298009 prime?
True
Is 214753229 prime?
True
Is 2565989 composite?
False
Is 264883 a prime number?
False
Is 26811373 a composite number?
True
Is 1577355563 prime?
False
Is 7082291 a composite number?
True
Is 88795961 composite?
False
Is 3979 a composite number?
True
Is 291358507 prime?
False
Is 17809447 prime?
True
Is 20835337 composite?
False
Is 461639 prime?
True
Is 10031719 a prime number?
True
Is 5358307 prime?
True
Is 51155843 prime?
True
Is 4731299 a prime number?
True
Is 39085 a prime number?
False
Is 25144801 a composite number?
True
Is 18613267 composite?
False
Is 560995 composite?
True
Is 39621313 prime?
True
Is 21137231 composite?
False
Is 43834333 composite?
False
Is 5979679 prime?
True
Is 53369519 prime?
False
Is 1369397 composite?
True
Is 20457137 composite?
True
Is 3564121 composite?
True
Is 10618683 composite?
True
Is 5643383 a prime number?
True
Is 2594479 composite?
False
Is 8342233 a composite number?
True
Is 46664701 a prime number?
False
Is 3241921 a composite number?
False
Is 39566287 a prime number?
True
Is 4198247 a composite number?
False
Is 128049745 a prime number?
False
Is 602429 a prime number?
False
Is 1322689 prime?
True
Is 13284745 prime?
False
Is 7680691 prime?
True
Is 14516857 prime?
True
Is 115749553 composite?
True
Is 41178317 composite?
True
Is 53762617 composite?
True
Is 1328579 a prime number?
False
Is 299989 a composite number?
True
Is 116912755 composite?
True
Is 5928523 a prime number?
True
Is 235079561 a prime number?
False
Is 38991329 a composite number?
True
Is 862957019 a prime number?
True
Is 655043 a prime number?
True
Is 1943426 prime?
False
Is 66364657 a prime number?
True
Is 10819694 a prime number?
False
Is 8240663 prime?
True
Is 100749673 a prime number?
True
Is 15686771 composite?
True
Is 139418759 a prime number?
False
Is 37394293 prime?
True
Is 10190377 a composite number?
False
Is 19193039 composite?
False
Is 52970609 prime?
False
Is 88638035 prime?
False
Is 354299599 a prime number?
True
Is 13461871 a prime number?
False
Is 438821599 a prime number?
False
Is 9189329 prime?
True
Is 39660757 a composite number?
False
Is 177539291 composite?
True
Is 499983038 a composite number?
True
Is 136632871 prime?
True
Is 16182601 composite?
False
Is 419593 a prime number?
False
Is 19260463 prime?
True
Is 167255395 a prime number?
False
Is 1493741 prime?
True
Is 504276247 a composite number?
True
Is 4184041 a composite number?
True
Is 95560453 a composite number?
False
Is 2195027 a prime number?
False
Is 79765799 a composite number?
False
Is 1109889019 composite?
True
Is 30460931 a composite number?
False
Is 27017059 a composite number?
False
Is 1065787 prime?
True
Is 22919803 prime?
True
Is 288509191 a composite number?
False
Is 17053717 a composite number?
False
Is 18164105 composite?
True
Is 14172859 composite?
True
Is 241775251 prime?
True
Is 157283 a prime number?
False
Is 747758887 composite?
False
Is 182584949 a composite number?
True
Is 164588633 prime?
False
Is 136216429 prime?
False
Is 59617627 a composite number?
False
Is 4680427 composite?
True
Is 272045573 a composite number?
True
Is 201375233 a prime number?
True
Is 1803637799 prime?
True
Is 1368697997 composite?
False
Is 37636127 composite?
False
Is 2203003 a prime number?
False
Is 501812177 a prime number?
True
Is 112423477 a composite number?
True
Is 999841 composite?
True
Is 499791359 a composite number?
False
Is 3918331 composite?
True
Is 870211 a prime number?
True
Is 75466581 composite?
True
Is 9225353 composite?
False
Is 34811303 a prime number?
True
Is 56273629 a composite number?
False
Is 3201067 prime?
True
Is 169867531 prime?
False
Is 5769287 prime?
True
Is 57371579 composite?
False
Is 94598381 a composite number?
True
Is 8425519 composite?
False
Is 3325379 a prime number?
False
Is 265915973 prime?
True
Is 16790491 a composite number?
False
Is 2197829 prime?
False
Is 2125601 a composite number?
False
Is 737683 a prime number?
True
Is 30753419 composite?
True
Is 15837769 a composite number?
True
Is 89307399 a prime number?
False
Is 5140673 composite?
False
Is 80220009 composite?
True
Is 718829 a prime number?
False
Is 57643093 a composite number?
True
Is 298632085 a prime number?
False
Is 32177 a composite number?
True
Is 61875251 prime?
True
Is 68134757 a composite number?
False
Is